 + -220?
-431
In base 10, what is 84 - -29?
113
In base 2, what is -100 + -1000101111111?
-1000110000011
In base 16, what is 137 - -3?
13a
In base 9, what is 81 - -2?
83
In base 10, what is -2 - 63?
-65
In base 13, what is -90 - 4?
-94
In base 9, what is 1 + 74?
75
In base 5, what is -12 + -13142?
-13204
In base 6, what is 1325 - 30?
1255
In base 2, what is 100101 - 1001000?
-100011
In base 3, what is -10 - -2021?
2011
In base 12, what is -5 - -37?
32
In base 11, what is 27 + -24?
3
In base 13, what is 145 - -2?
147
In base 8, what is -1150 + 4?
-1144
In base 9, what is 0 - 467?
-467
In base 7, what is -31 - 43?
-104
In base 13, what is -16c7 + -5?
-16cc
In base 12, what is -3932 - 5?
-3937
In base 6, what is -5505 - -14?
-5451
In base 13, what is -5 - -b9?
b4
In base 14, what is 928 + 4?
92c
In base 9, what is 26 + -4?
22
In base 3, what is -1102 - -212120?
211011
In base 3, what is 2210 - -1102?
11012
In base 2, what is 1101 + -1111?
-10
In base 16, what is 13 - 18c?
-179
In base 12, what is -3 - -219?
216
In base 5, what is -1341 + 2?
-1334
In base 7, what is 1333 - 4?
1326
In base 8, what is 23 - 1?
22
In base 9, what is -3 + -120?
-123
In base 15, what is -a5 - 3?
-a8
In base 4, what is -232 + 3?
-223
In base 11, what is 4 + -32a9?
-32a5
In base 9, what is 2 - -46?
48
In base 4, what is -22 - -113?
31
In base 11, what is 1 - 18a1?
-18a0
In base 9, what is -226 - -1?
-225
In base 6, what is 2 + 3524?
3530
In base 11, what is -5 - 6a7?
-701
In base 11, what is 4 - -7586?
758a
In base 13, what is 1a + -17?
3
In base 16, what is 0 + 2b?
2b
In base 9, what is -648 - -2?
-646
In base 6, what is -44 - -3?
-41
In base 12, what is 277 + 1?
278
In base 4, what is -2012201 - -3?
-2012132
In base 12, what is -373 + 1?
-372
In base 3, what is 1121202 - 1?
1121201
In base 7, what is -316 - -30?
-256
In base 5, what is 10 + 0?
10
In base 13, what is -14 - 7?
-1b
In base 10, what is 3491 + -4?
3487
In base 4, what is 3 - 130?
-121
In base 8, what is -56346 - 0?
-56346
In base 13, what is -26 + -20?
-46
In base 7, what is 246 + -43?
203
In base 15, what is -438 + 5?
-433
In base 14, what is 31da + 3?
31dd
In base 14, what is -6412 - 2?
-6414
In base 7, what is 0 + 640?
640
In base 14, what is -61 + 5?
-5a
In base 13, what is -1 + -209?
-20a
In base 10, what is 1445 - -5?
1450
In base 11, what is -75 - 2?
-77
In base 10, what is 79 - -11?
90
In base 9, what is 253 - 2?
251
In base 13, what is 3 - 139?
-136
In base 7, what is 2040 + -2?
2035
In base 7, what is -25 + 546?
521
In base 8, what is -5565 + 1?
-5564
In base 13, what is -16 - 1?
-17
In base 7, what is 466 - 44?
422
In base 12, what is -2b4 - 4?
-2b8
In base 14, what is 9 - 169?
-160
In base 14, what is 38a2 - -3?
38a5
In base 6, what is -4 - -12303?
12255
In base 10, what is 6854 - -4?
6858
In base 10, what is 166 + 28?
194
In base 13, what is -a6 - -3?
-a3
In base 9, what is 84 - -43?
137
In base 13, what is 5 - -2?
7
In base 12, what is 97 + a?
a5
In base 15, what is -27 + 40?
18
In base 8, what is -103 + -564?
-667
In base 4, what is -12 + 2220?
2202
In base 4, what is -1120 + -100?
-1220
In base 7, what is 23 - -160?
213
In base 14, what is -1d - -1?
-1c
In base 3, what is -2 - -10200120?
10200111
In base 15, what is 37e + 3?
382
In base 5, what is 10 + 4042?
4102
In base 11, what is 1993 - -2?
1995
In base 13, what is 1 + -14?
-13
In base 14, what is -89 + 4?
-85
In base 15, what is 4 - 288?
-284
In base 12, what is 1 + 49?
4a
In base 5, what is -1 - 10231?
-10232
In base 5, what is -2 + -3?
-10
In base 5, what is -12 - -123?
111
In base 9, what is 53 - -11?
64
In base 16, what is 3 + 49?
4c
In base 15, what is -3 - 851?
-854
In base 2, what is -10 + 11011001?
11010111
In base 16, what is 6 + 230?
236
In base 4, what is 1023 + 3?
1032
In base 14, what is -1d - -2?
-1b
In base 12, what is 5 - -457?
460
In base 9, what is -471 + 0?
-471
In base 6, what is -220 + 2?
-214
In base 3, what is 2210012 - -12?
2210101
In base 3, what is 2 - 12?
-10
In base 5, what is 2 + -301?
-244
In base 8, what is 2 - -2743?
2745
In base 8, what is 13 + -71?
-56
In base 14, what is -86bc + -1?
-86bd
In base 5, what is -131 + -1321?
-2002
In base 4, what is 2003113 + -11?
2003102
In base 2, what is -1100000101 - 0?
-1100000101
In base 14, what is -c + 1d?
11
In base 13, what is -b + -6a?
-78
In base 6, what is 203 + 52?
255
In base 6, what is 4 - 131?
-123
In base 2, what is 11001100 - -1?
11001101
In base 8, what is -3 + 6?
3
In base 2, what is 0 + -111101?
-111101
In base 6, what is -201 - -4?
-153
In base 8, what is 220 + -10?
210
In base 7, what is -3 - -1212?
1206
In base 15, what is -dc + -1a?
-107
In base 3, what is -221 - 10?
-1001
In base 7, what is -523 + 3?
-520
In base 4, what is 12121 + 10?
12131
In base 15, what is -a4 + 4?
-a0
In base 14, what is 526 + 5?
52b
In base 10, what is 1 - -87?
88
In base 8, what is 5 + 5516?
5523
In base 10, what is 3 - 21?
-18
In base 14, what is -9 + 49?
40
In base 5, what is 124031 + -3?
124023
In base 2, what is 100111011 + -1001?
100110010
In base 4, what is -11 + -20103?
-20120
In base 15, what is 2 - -38?
3a
In base 2, what is -10 - -1010001?
1001111
In base 12, what is 5 - 23a?
-235
In base 10, what is -39 - -32?
-7
In base 9, what is -346 - 3?
-350
In base 3, what is -20 - 120?
-210
In base 2, what is 11 - -1101001?
1101100
In base 3, what is 1102 - 20?
1012
In base 3, what is 1012 + 12?
1101
In base 14, what is 23 - -20?
43
In base 6, what is 1 - -33?
34
In base 12, what is 5 + 35?
3a
In base 15, what is -1 + -738?
-739
In base 9, what is -5 - -847?
842
In base 3, what is 10121 - -1001?
11122
In base 2, what is 10001 - 1010?
111
In base 7, what is -4 + 34?
30
In base 16, what is -5ab - -2?
-5a9
In base 8, what is 1070 + -5?
1063
In base 9, what is -45 + 34?
-11
In base 3, what is -10 + 20101?
20021
In base 15, what is 54 - -3?
57
In base 12, what is -22 - -8?
-16
In base 3, what is 1101120 - 12?
1101101
In base 7, what is 62 + 5?
100
In base 9, what is -4 - -34?
30
In base 15, what is -737 + 1?
-736
In base 13, what is -9 - bb?
-c7
In base 5, what is 0 - -3143?
3143
In base 5, what is -4 + -113034?
-113043
In base 14, what is 5 - -59?
60
In base 4, what is 0 + 3333?
3333
In base 3, what is 111210 + 0?
111210
In base 13, what is 5 + -b47?
-b42
In base 16, what is -53 + 5?
-4e
In base 14, what is 19 + 18?
33
In base 10, what is -10284 - -2?
-10282
In base 2, what is 10 + 1100?
1110
In base 5, what is 104332 - 3?
104324
In base 3, what is 22222 - 12?
22210
In base 7, what is -5 - -6636?
6631
In base 14, what is 1 - 290?
-28d
In base 6, what is 2235 - -4?
2243
In base 8, what is 5 - 64?
-57
In base 3, what is -100 + -20?
-120
In base 14, what is 35b4 - -1?
35b5
In base 7, what is -223221 + 0?
-223221
In base 13, what is -5 + -108?
-110
In base 16, what is 16 - -18?
2e
In base 13, what is -5 + -131?
-136
In base 13, what is bac - 4?
ba8
In base 2, what is 100101100101110 - 100?
100101100101010
In base 7, what is 64 - 1?
63
In base 4, what is -1 + -1131?
-1132
In base 11, what is -19a9 + 1?
-19a8
In base 8, what is -42 + 61?
17
In base 16, what is 17 - -78?
8f
In base 15, what is -936 - b?
-942
In base 13, what is 5 - 71?
-69
In base 9, what is 21 - 11?
10
In base 16, what is 109 + -7?
102
In base 3, what is 1100201202 + -2?
1100201200
In base 8, what is 21 + 2?
23
In base 8, what is -170 + 6?
-162
In base 4, what is 3 - 2121?
-2112
In base 3, what is 221 - -112?
1110
In base 9, what is 10 + 477?
487
In base 10, what is -156 - 5?
-161
In base 7, what is -44 + -4?
-51
In base 12, what is -4 - -1410?
1408
In base 14, what is 366 - 3?
363
In base 12, what is 6 + 2975?
297b
In base 12, what is -11 - -35?
24
In base 14, what is 28 - 214?
-1ca
In base 2, what is -111010101 + 10?
-111010011
In base 16, what is 5 + 4a?
4f
In base 12, what is -1023 + 4?
-101b
In base 14, what is 1c - a?
12
In base 8, what is -5 - 157?
-164
In base 7, what is 362 - -322?
1014
In base 7, what is 41 - -2?
43
In base 3, what is 212 - 122?
20
In base 11, what is -2 - 27?
-29
In base 10, what is 7 + -179?
-172
In base 5, what is -1243 - -3?
-1240
In base 3, what is -1120 + 12?
-1101
In base 3, what is 2 + -201?
-122
In base 2, what is 1000 - -1101?
10101
In base 11, what is -1 + 1562?
1561
In bas